ctors of f.
293
Let k = -6136 + 9325. What are the prime factors of k?
3, 1063
Let m(v) = 93*v - 72. Let d be m(-18). Let s = d - -2819. List the prime factors of s.
29, 37
Let i(g) = g**3 + 15*g**2 - 6*g - 16. Suppose 20 + 12 = 4*v. Suppose -v*b + 0*b = 120. What are the prime factors of i(b)?
2, 37
Let w(i) = 6*i + 5*i - 209*i**2 + 38*i**3 + 200*i**2 - 5. List the prime factors of w(3).
7, 139
Let t = 137 + -188. Let y = t + 93. What are the prime factors of y?
2, 3, 7
Let n(k) = 9*k**2 - 69*k + 145. What are the prime factors of n(27)?
29, 167
Suppose -o - 297 = 5*m, 8*o = 7*o - 2. Let f = m - -41. Let p(u) = u**2 + 13*u + 14. What are the prime factors of p(f)?
2, 13
What are the prime factors of 10820/(-15)*(-1 + (-7)/14)?
2, 541
Let b be ((-4)/(-5))/(10/5475). Suppose -2*k + b = -322. List the prime factors of k.
2, 5, 19
Suppose 216 = -5*b + 221, 3 = t + b. Suppose -1 = -q + 1. Suppose t*o - x = 373, -q*x = -5*o - x + 931. List the prime factors of o.
2, 3, 31
Let r(d) = 7*d**2 + 40*d - 6 - d**2 - 41*d - 5*d**2. List the prime factors of r(-8).
2, 3, 11
Let i = -325 + 127. Let u = -170 - i. What are the prime factors of u?
2, 7
Let h(y) = y**2 + y - 3. Let z be h(2). Suppose z*o - 2*o + 3*b = 78, -b = 3*o - 234. Let v = 8 + o. List the prime factors of v.
2, 43
List the prime factors of ((-6153)/(-105))/((-3)/(-195)).
13, 293
Let n(j) = j**3 - 10*j**2 - 10*j + 9. Let q be n(-12). List the prime factors of (-9)/36 - (q/12 + 1).
2, 3, 7
Let l be -51*(-1)/9*3. Suppose -l*c + 240 = -12*c. What are the prime factors of (-1178)/(-6) - 16/c?
2, 7
Let n = 55 + -51. Suppose 2*m = 5*j - 346 - 639, -n*j - 2*m + 788 = 0. List the prime factors of j.
197
Suppose 154*c + 12 = 148*c. Let r(s) = 55*s - 3. Let p be r(2). What are the prime factors of 2/(-1)*p/c?
107
Let t be (114/4)/(69/46). Suppose -2873 = 6*z - t*z. What are the prime factors of z?
13, 17
Let v(s) = -81*s - 9. Suppose 36 - 38 = 2*j. List the prime factors of v(j).
2, 3
Let k(x) = 17381*x**2 + x - 2. Let d be k(1). What are the prime factors of (2 - 11/6) + d/120?
5, 29
Suppose 15*i + 74928 = 36*i. Let s = i + -2477. What are the prime factors of s?
1091
Let t(g) = 71*g**2 + 15*g + 198. List the prime factors of t(-9).
2, 3, 17, 19
Let s(x) = 38*x + 2. Let i be s(2). Suppose -174 = 3*w + i. List the prime factors of 1 - w/(-10)*(-15)/2.
2
Let g be 19859/(-28)*-4 - 8/(-4). Suppose g = -5*n + 22*n. What are the prime factors of n?
167
Suppose -387500 = -110*l + 270404 + 78216. List the prime factors of l.
2, 7, 239
Let m = -522 - -561. Suppose -m*a + 40450 = -14*a. List the prime factors of a.
2, 809
Let q(v) = v**2 + 17*v. Suppose -5*b + 3*b - 72 = 4*y, 10 = -5*b. Let a be q(y). List the prime factors of (a - 0)/1 + (-7680)/(-48).
2, 5
Suppose u = -z + 3, -14*z = -4*u - 13*z + 12. Suppose 0 = f - u, -f + 20 = -3*q + 95. List the prime factors of q.
2, 13
Let r = 390 + -388. Suppose x = -o + 186, -2*x + 114 = -r*o - 258. List the prime factors of x.
2, 3, 31
Let m = -4227 + 7807. List the prime factors of m.
2, 5, 179
Let i be -3 - (4 - 2) - (-4 - 5). Let s(p) = 29*p**2 - 23*p - 5. What are the prime factors of s(i)?
367
List the prime factors of (1*4)/(((-8)/26)/(1066902/(-533))).
2, 3, 4337
Let i = 12054 - 8205. What are the prime factors of i?
3, 1283
Suppose 1274 = -k + 470. Let g = k - -1504. List the prime factors of g.
2, 5, 7
Suppose 4*z = -12, 1320 = 3*h - 3*z + z. Let n = h - 136. List the prime factors of n.
2, 151
Let n be (-2)/(4/(-36)*-3). Let i be (-12)/(-3) + -6 - n. What are the prime factors of (6/i)/(36/744)?
31
Let c be ((-952)/12)/(15/9 - 2). Let r = 249 - c. What are the prime factors of r?
11
List the prime factors of (1647/4)/((-513)/(-10944)).
2, 3, 61
Suppose 14024 = 5*l + 3*o, 4*l - 4845 = -o + 6377. List the prime factors of l.
2, 23, 61
Let l(o) = 295*o**2 - 4*o + 9*o + 2*o + o - 3 + 4*o. List the prime factors of l(2).
1201
Let t = -56553 - -82963. List the prime factors of t.
2, 5, 19, 139
Let z = 37 - 24. Suppose -9*b + 85 - z = 0. Let a = 28 - b. What are the prime factors of a?
2, 5
Let t be (0 + 3)/((-19)/19) - -5. What are the prime factors of (t/6)/((-46)/(-17250))?
5
Let d = 1495 - -5. Let u = d - 896. List the prime factors of u.
2, 151
List the prime factors of ((-1107)/(-72))/41 + -2 + 451834/16.
2, 7, 2017
Suppose 5*b = 10, 2*u - 10*b + 15*b - 52178 = 0. List the prime factors of u.
2, 6521
Let d = -2 + 4. Let g(c) = 0 + 2 + c**3 + 7*c**2 + d + 6*c - 2. List the prime factors of g(-4).
2, 13
Let p(g) be the third derivative of 53*g**4/6 + g**3 + 3*g**2 - 3*g. What are the prime factors of p(3)?
2, 3, 107
Suppose -14*r = -27*r + 26. Suppose -2306 = -3*s + r*d, 0*s = -5*s + 2*d + 3846. What are the prime factors of s?
2, 5, 7, 11
Suppose 341*u - 17252185 = -1180855. List the prime factors of u.
2, 3, 5, 1571
Suppose -25681 + 10899 = -15*t + 13163. What are the prime factors of t?
3, 23
Suppose -5*r = 4*w - 44, 2*w - 36 = -2*w - 3*r. Let v be (-4)/(-10) - (-33)/(3300/57160). Suppose -v = -w*n + 2*n. What are the prime factors of n?
11, 13
List the prime factors of 2596 - ((1 - 3) + 10 - 3).
2591
What are the prime factors of 4/(-3)*(7 - (-30)/(-5) - 4420)?
2, 3, 491
Let z be (-5638)/(-8) + (-10)/(-40). Let g = z - 259. List the prime factors of g.
2, 223
Let w(s) = 29*s**2 + 3*s. Let l be w(-5). Suppose -l = -12*r + 7*r. Let i = r - 19. List the prime factors of i.
3, 41
Let n = 185663 - 132163. What are the prime factors of n?
2, 5, 107
Let w(h) = 3*h**3 - 9*h**2 - 9*h - 28. Suppose -5*y + 6 = -11*y. Let s(t) = -t**3 + t + 1. Let l(i) = y*w(i) - 2*s(i). List the prime factors of l(9).
89
Let r = 10950 + -5651. What are the prime factors of r?
7, 757
Let w be -4 + 0 + (-57 + -5)*-166. Suppose 1316 = 6*b - w. What are the prime factors of b?
2, 967
Let a(w) be the third derivative of 23*w**5/30 + w**4/8 - w**3/6 - w**2. Suppose -x - 7 = -s, -3*x + 44 = -s + 11*s. List the prime factors of a(x).
3, 59
Let b(m) = -m**2 - 4*m + 21. Let k be b(-6). Suppose -k*p + 84 = -2*p. What are the prime factors of (-1367)/(-5) + p/20?
2, 137
Let h = -907 - -2111. Suppose -h = -5*i + 2*q, -14*q = -i - 12*q + 244. What are the prime factors of i?
2, 3, 5
Let f be (-1)/(-2) + 6/(-4). Let z(n) = 150*n**2 + 2*n - 12. Let y(l) = -149*l**2 - 2*l + 7. Let h(i) = -3*y(i) - 2*z(i). List the prime factors of h(f).
2, 37
Let j(r) = r**2 - 7. Let x be j(-3). Suppose 4*p - q - 41 = 0, -2*p - x = 2*q + 2*q. Suppose -p*t + 372 = -6*t. List the prime factors of t.
2, 31
Let s be (-4 + (-4 - -24))*12/16. List the prime factors of s/15 + (3516/(-10))/(-3).
2, 59
Suppose 70*p + 31*p - 2621312 = 1358088. List the prime factors of p.
2, 5, 197
Let d(g) = -g + 10. Let p be d(6). What are the prime factors of ((-2056)/(-14))/(p/14)?
2, 257
Let w(z) = z**3 + 25*z**2 + 47*z - 3. Let p be w(-23). Let f = 30 + p. Suppose 2*l + 8 = -0*l, -4*r = -f*l - 664. List the prime factors of r.
2, 3
Suppose -13*t + 34 = -5. Suppose -1167 = -t*n - d, -897 = -3*n + 5*d + 288. List the prime factors of n.
2, 3, 5, 13
Let j be (5 + -1)/(-21 - -19). Let q(p) = -24*p**3 + 6*p**2 + 16*p + 6. What are the prime factors of q(j)?
2, 5, 19
Let q(o) = 5*o + 18. Let z be q(-3). Let s be ((z - 12) + 3)*(-1)/3. Suppose -3*b - 2*b + 1159 = -s*r, 3*b - 5*r = 684. List the prime factors of b.
233
Let o be 0 + (-4)/(-30) + (-215)/(-75). Let v = 0 + o. Suppose 5*g + 96 = -3*u + 1223, -g = v*u - 223. What are the prime factors of g?
2, 113
Suppose -12 + 21 = -3*h. Let s be (4/8)/(93/30 + h). Suppose a = -s, -235 = -5*g + 4*a + a. What are the prime factors of g?
2, 3, 7
Suppose -66 = -19*a + 29. Suppose 4*l = 19 - 3, a*f + 4*l - 4421 = 0. What are the prime factors of f?
881
Let p = 101 - 103. Let b be 35 + 5 + (4 + p - 5). Suppose -34*u + b*u - 660 = 0. List the prime factors of u.
2, 5, 11
Suppose 0 = -25*w + 1566961 - 286661. What are the prime factors of w?
2, 7, 31, 59
Suppose 0 = -13*c + 102 + 54. Suppose 1732 = c*h - 9716. What are the prime factors of h?
2, 3, 53
Let f(o) be the third derivative of o**6/120 - o**5/4 - o**4/4 - 8*o**3/3 + o**2. Suppose 5018*g - 59 - 197 = 5002*g. What are the prime factors of f(g)?
2, 3
Let q = 8 + -57. Let d = 53 + q. Suppose -3*z = -d*o - 258, 3*z - o - 304 = -46. What are the